+ 1). Let y(v) = -37*v + 36*v - 2 + v**2 + 3*v**2 - v**3. Determine y(c).
-6
Let n = 2131 - 2123. Let m(u) = 2*u**2 - 19*u. Give m(n).
-24
Let y(q) = 4*q**2 + q**2 - 4*q + 7*q**2 - 5*q - q**3 - 4*q**2. What is y(6)?
18
Suppose 0*b + 6 = 3*b. Let g(m) = m**3 - 6*m**b + 0*m - 6*m + m**3 - m**3 + 1. Give g(7).
8
Let j(w) be the second derivative of -1/2*w**2 - 6*w + 1/20*w**5 + 0*w**3 + 1/12*w**4 + 0. Give j(2).
11
Let u(d) be the second derivative of 2*d**3/3 + 89*d + 1. What is u(5)?
20
Suppose -5 = 3*p - 14. Let x(t) = -6 + p*t - 10 - 9 + 26. What is x(1)?
4
Suppose -4*c = 2*j, 0 = -14*c + 18*c - 2*j - 16. Suppose -4 = 2*l - 8. Let m(t) = -c - 4*t + 3*t**l + t + t. Calculate m(2).
6
Let o(a) = 4*a + 6*a + 6*a - 21*a + a + 2. Determine o(-7).
30
Let d(b) = -b**3 - b**2 + b + 1. Let h(f) be the second derivative of -f**4/12 + f**3/2 - f**2 + 3*f. Let p be h(2). Let a be (-4)/(-8)*p/1. What is d(a)?
1
Let a(u) be the second derivative of u**4/12 + 4*u**3/3 + u. Let m = -2686 + 2679. Give a(m).
-7
Suppose -3*r + 21 = 3*m, -1 - 2 = -5*m + 3*r. Let f(s) = -s**2 - 8*s - 9. Let y be f(-6). Let l(k) = 21*k**y - 3*k**2 - 4 + 23*k**3 - 43*k**3. Determine l(m).
-4
Let f(r) be the second derivative of 1/12*r**4 + 1/6*r**3 + 0 + 3*r - 3*r**2. What is f(0)?
-6
Let g(z) = -z**3 + 16*z**2 - 2. Let x be g(16). Let k(b) = -b**3 - b**2 - b - 1. Determine k(x).
5
Suppose -18*s = -7*s. Let d(h) = h**2 - h - 4. Determine d(s).
-4
Let q(w) = 37*w - 1. Let j be q(0). Let p(l) = -7*l**2 + 3*l + 2*l**2 - 2*l. Determine p(j).
-6
Let x(b) be the third derivative of -2*b**2 + 1/40*b**5 + 0 + 2/3*b**3 + 0*b - 1/8*b**4. Let j(f) be the first derivative of x(f). Determine j(3).
6
Suppose -378*l + 380*l = 4. Let k(b) = 5*b**2 - 2*b - 2. Give k(l).
14
Suppose -5*n + 1 = -9. Let k = -2 + n. Suppose 4 = -y - 6*a + 3*a, k = 4*y - 5*a - 1. Let s(x) = 5*x**3 - 2*x - 1. What is s(y)?
-4
Let g(n) = 6*n. Let v = -8 + 37. Suppose -v = s - 32. Determine g(s).
18
Let v(t) = 7*t - 242*t**2 - 9 + 485*t**2 - 244*t**2. Let n(h) = -h**3 + 5*h**2 + 15*h - 1. Let d be n(7). What is v(d)?
-3
Suppose -4*x + 3*x = -4*i + 19, 3*i - 13 = 2*x. Let b be (-5)/10 + (-26)/4. Let u(h) = 10*h + 7. Let d(a) = -5*a - 3. Let z(s) = b*d(s) - 3*u(s). What is z(x)?
5
Let s(o) = -o**3 - 2*o**2 - 2*o - 1. Let v(p) = -p**2 - 5*p. Let y be v(-4). Suppose -3*l + 6 = -l, -y*l = -5*j - 22. Calculate s(j).
3
Let q(a) = -24*a**3 - 9 + 30*a**3 + a - 7*a**3. What is q(0)?
-9
Let r(g) = g. Let m be (-3)/5*(6 - 11). Suppose 21 = 3*d - m*f, 3*f = 3*d + 2*f - 13. Calculate r(d).
3
Let a(p) = -4*p. Suppose 0 = j - 5 + 6. Let g(s) = s + 1. Let n(f) = j*a(f) - 5*g(f). Let i = 2 - 2. Give n(i).
-5
Let q(j) be the second derivative of 7/12*j**4 + 0 + 2*j**2 + 1/20*j**5 + 0*j**3 + 18*j. What is q(-7)?
4
Let d(r) = -7*r**3 - r**2. Let w(z) = -5*z**3 + z**2 + 2*z + 1. Let p(v) = d(v) - w(v). What is p(-2)?
11
Let v be (2/(-4))/(1/(-6)). Let x(p) = 2 + 1 - 6*p - v*p - 4*p. Let z(j) = j - 1. Let y(t) = -x(t) - 4*z(t). What is y(1)?
10
Let t(s) be the first derivative of s**5/60 - 2*s**3/3 - 19*s**2/2 + 4. Let g(o) be the second derivative of t(o). Determine g(3).
5
Let o be -2 - (1 - 2) - -2*3. Let f(c) = 11*c**3 - 2*c**3 + c**2 - o*c - 8*c**3 - 3. Calculate f(-3).
-6
Let l(t) = t**2 + 4*t - 4. Suppose 3*o - 5*j = 2*o + 18, 2*o - j - 9 = 0. Suppose 0*d + o*d = 0. Suppose -14*f + 17*f + 9 = d. Give l(f).
-7
Let p = -13 - -22. Let y(k) = 2*k + 5 - p - k. What is y(3)?
-1
Suppose -4*h + 2*k + 234 = 0, 0 = -3*h + 2*h + 3*k + 46. Let z = h - 64. Let o(d) = d + 4. Give o(z).
1
Suppose -6*n + 30 = 4*n. Let a(o) be the first derivative of -3*o**2 - 6 + 1/3*o**n + o. Calculate a(4).
-7
Let v(u) = -8*u + 63. Let q be v(7). Let x(k) be the first derivative of k**3/3 - 3*k**2 + 8*k + 4. Determine x(q).
15
Suppose -16 = -16*f + 32. Let r(n) = 3*n**2 - 2*n + 4. Give r(f).
25
Let f = -427 + 416. Let k(q) = -q**2 - 10*q + 14. Give k(f).
3
Let n(s) = -s**3 - 6*s**2 + 16*s + 2. Let f be n(-8). Suppose -f = -i - 10. Let g(y) = -y - 3. Calculate g(i).
5
Let j(s) = 146*s + 153*s - 2 - 286*s. Determine j(3).
37
Suppose -q = -6*q - 20. Let n be (q/(-14))/(1/7). Let d(c) = -6 - 3 + 0 - n*c. Give d(-7).
5
Let c = 183 + -178. Let k(t) = -t**3 + 5*t**2 - 2*t + 12. Calculate k(c).
2
Let q be (-4 + 1)*14/21. Let k = q + 13. Suppose -1 + k = -5*w. Let s(v) = -v**3 - 3*v**2 - 2. Calculate s(w).
-6
Let c(s) = -8*s - 212. Let r be c(-25). Let v(u) = u**2 + 12*u - 8. Determine v(r).
-8
Let c(m) = 53*m + 217. Let l be c(-4). Let i(t) = -2*t**2 + 8*t - 6. What is i(l)?
-16
Let g(s) = -s**2 - s + 2. Let y(w) = w - 33. Let u be y(17). Let j = u + 13. What is g(j)?
-4
Let s(c) = -14*c + 11*c + 7 + c**2 + 6*c**2 - c**3. What is s(6)?
25
Let o be 400/18 - 8/36. Let s(h) = 2*h**2 - 36*h**2 - h**3 + o*h**2 - 10*h + 14. Let x be s(-11). Let l(a) = -a + 6. Calculate l(x).
3
Let k(y) be the third derivative of y**5/60 - y**3/6 + 36*y**2 - 1. Let q be ((-2)/4)/(1/4). Give k(q).
3
Let l(u) = -u**2 - 10*u + 177. Let c be l(-19). Let w(j) = -4*j + 9. Give w(c).
-15
Let f(y) = -y**2 - 2*y - 1. Let j be f(-2). Let q(b) = -5. Let d(l) = 8*l**2 - l - 21. Let i(m) = d(m) - 4*q(m). Calculate i(j).
8
Let v be -1 + 66/(-10) + -46 + (-233)/(-5). Let c(z) = z - 2*z + 3*z + 5. Determine c(v).
-9
Suppose -5*o = 2 + 88. Let p be 16/(-6)*o/24. Let m(z) be the third derivative of -z**6/60 + z**5/30 - z**4/6 + z**3/3 - z**2. Calculate m(p).
-14
Let h be -1 + (-2 - 0) + -12. Let c = h - -16. Let d(q) = q**2 - q + 1. Determine d(c).
1
Let l(s) = -2*s**2 + 18*s - 13. Let h = -1548 - -1555. What is l(h)?
15
Let q(l) be the first derivative of -l**4/4 + 3*l**3 - 15*l**2/2 + 11*l + 245. What is q(7)?
4
Suppose 0 = -583*k + 647*k - 576. Let i(v) be the first derivative of v**2/2 - 10*v - 1. Calculate i(k).
-1
Suppose -2*g = -f - 2*f + 218, 289 = 4*f - g. Let a(t) = f - 69 + 2*t - 3*t. Calculate a(6).
-3
Let i(a) = 3*a - 3. Let z(d) = 10*d + 114. Let m be z(-11). Calculate i(m).
9
Let t(j) = -j**2 - 2*j + 4. Suppose 47*b - 26 = 21. What is t(b)?
1
Let o(t) be the third derivative of t**7/5040 + t**6/240 - t**5/20 + t**2. Let f(r) be the third derivative of o(r). Calculate f(-5).
-2
Let m(h) = h**3 + 5*h**2 - 2. Let y be (-2040)/(-35) + 2/(-7). Suppose 5*x = -y - 27. Let p = x - -12. Calculate m(p).
-2
Let o(a) = a**3 - 3*a**2 + a + 3. Suppose -5*f = 5*f - 30. Give o(f).
6
Let r(a) be the second derivative of a**4/12 + 3*a**3/2 - 2*a**2 + 240*a. Calculate r(-10).
6
Let i be ((-30)/(-25))/(2/(-10)). Let a(s) be the first derivative of -s**4/4 - 2*s**3 - s**2 - 7*s - 18. What is a(i)?
5
Let d be (2 + (-1)/2)*24. Let s = 35 - d. Let z(h) = -h + 1. Give z(s).
2
Let h(d) = d**2 + 6*d - 5. Suppose 94 + 123 = -31*j. Give h(j).
2
Suppose -4*k + 51 = b + 16, 3*b - 5*k = 20. Suppose -u - 4*u = -b. Let a(i) = -12 - i**u + 7 - i + 3. Calculate a(0).
-2
Suppose -109*q + 18 = -118*q. Let w(l) = -5*l - 1 - 1 + 4*l + 2*l**2. Determine w(q).
8
Suppose -3*r + 21 = 39. Let q(y) = -y**3 - 7*y**2 - 4*y + 17. Let z be q(r). Let l(p) = -p**3 + 4*p**2 + 6*p - 3. Give l(z).
2
Suppose 3*j - 4 = -s, 6*j + 4*s = j + 2. Let a(d) be the second derivative of -d**3/6 + d**2/2 + 35*d + 2. Determine a(j).
-1
Let m(q) = -29*q - 573. Let g be m(-20). Let t(z) be the third derivative of -z**6/120 + 7*z**5/60 - z**4/12 + 4*z**3/3 - z**2. Give t(g).
-6
Let v(m) = 3 - m**2 - 2 + 15*m**3 + 0. Determine v(1).
15
Let s be 0 - (-5 + -2 + 5). Suppose -g + 4*b - 2 = 0, -4*b + 2 - 6 = -s*g. Let z(j) = j - 2. Give z(g).
4
Let n(p) = p**3 - 9*p**2 - p - 6. Suppose 27 = 2*j - 3*t, 0 = j + 5*t - 2 + 8. Calculate n(j).
-15
Let j(o) be the first derivative of o**4/4 + 2*o**3/3 - 25*o + 215. Determine j(0).
-25
Let q(r) = -r**3 + 3*r**2 + 7*r - 5. Let f(i) = -3 + 4*i - 9 - 5*i. Let p be f(-16). Calculate q(p).
7
Let n(r) = 0*r**2 - 91*r**3 + 3*r**2 + 3 + 5*r - 5 - 87*r**3 + 176*r**3. Give n(3).
-14
Let o(k) = 16*k + 83. Let w be o(-5). Let q(s) be the first derivative of 5*s**2/2 - 2*s - 14. Give q(w).
13
Let b = -28 + 24. Let k(n) = -2*n - 4. Let m be k(b). Let r be (1 + -1)*2/m. Let p(d) = d - 3. Calculate p(r).
-3
Let i(h) = 2*h - 24. Let y be i(13). Let d(n) = 4*n + n**y + 6 + n - 3. Determine d(-3).
-3
Let t be (64/(-8) + 17)*(2 - 1). Let k(h) = -h**2 + 